{"id":309,"date":"2016-12-09T07:34:03","date_gmt":"2016-12-09T07:34:03","guid":{"rendered":"http:\/\/localhost\/buildpro\/?page_id=309"},"modified":"2021-11-23T18:35:59","modified_gmt":"2021-11-23T18:35:59","slug":"about-us","status":"publish","type":"page","link":"https:\/\/guardalochiapas.com\/index.php\/about-us\/","title":{"rendered":"Acerca de nosotros"},"content":{"rendered":"<p>[vc_row css_animation=\u00bbnone\u00bb][vc_column offset=\u00bbvc_col-md-9&#8243;][vc_row_inner css=\u00bb.vc_custom_1481535311301{padding-bottom: 30px !important;}\u00bb][vc_column_inner el_class=\u00bbbg-box padd30&#8243; offset=\u00bbvc_col-md-6&#8243;]\n\t\t<div class=\"feature-box-small-icon \">\n        <span class=\"icon\">\n        \t<i class=\"fa fa-send-o id-color\"><\/i>\n        <\/span>\n        <div class=\"text\">\n            <h3>Nuestra Misi\u00f3n<\/h3>\n            Somos una empresa comprometida con nuestros clientes, dedicada al resguardo y seguridad de bienes mediante la renta de bodegas personales        <\/div>\n    <\/div>\n    \n[\/vc_column_inner][vc_column_inner el_class=\u00bbbg-box padd30&#8243; offset=\u00bbvc_col-md-6&#8243;]\n\t\t<div class=\"feature-box-small-icon \">\n        <span class=\"icon\">\n        \t<i class=\"fa fa-eye id-color\"><\/i>\n        <\/span>\n        <div class=\"text\">\n            <h3>Nuestra Visi\u00f3n<\/h3>\n            Ser la mejor empresa de renta de mini bodegas, expandiendo nuestra cartera de clientes, as\u00ed como proporcionar confianza y seguridad a quien nos contrate.        <\/div>\n    <\/div>\n    \n[\/vc_column_inner][\/vc_row_inner]\t<figure class=\"pic-hover hover-scale\">\n        <span class=\"center-xy\">\n            <a class=\"popup-vimeo\" href=\"https:\/\/www.youtube.com\/watch?v=1LDJ_tbSOJw\">\n                <i class=\"fa fa-play btn-play btn-action \"><\/i>\n            <\/a>\n        <\/span>\n        <span class=\"bg-overlay\"><\/span>\n        <img decoding=\"async\" src=\"https:\/\/guardalochiapas.com\/wp-content\/uploads\/2021\/10\/1000x400-1.jpg\" class=\"img-responsive\" alt=\"\">\n    <\/figure>\n\n[vc_row_inner css=\u00bb.vc_custom_1481530056309{padding-top: 30px !important;}\u00bb][vc_column_inner offset=\u00bbvc_col-md-6&#8243;]\t<figure class=\"pic-hover hover-scale\">\n        <span class=\"center-xy\">\n            <a class=\"image-popup\" href=\"https:\/\/guardalochiapas.com\/wp-content\/uploads\/2021\/11\/2man-smiling-carrying-boxes.jpg\">\n                <i class=\"fa fa-image btn-action btn-action-hide\"><\/i>\n            <\/a>\n        <\/span>\n        <span class=\"bg-overlay\"><\/span>\n        <img decoding=\"async\" src=\"https:\/\/guardalochiapas.com\/wp-content\/uploads\/2021\/11\/2man-smiling-carrying-boxes.jpg\" class=\"img-responsive\" alt=\"\">\n    <\/figure>\n\n[vc_custom_heading text=\u00bbAlmacenamiento\u00bb font_container=\u00bbtag:h3|text_align:left|color:%23fc7e00&#8243; use_theme_fonts=\u00bbyes\u00bb css=\u00bb.vc_custom_1636228669105{margin-top: 20px !important;}\u00bb][vc_column_text]Son espacios que puedes rentar a trav\u00e9s de contratos mensuales, con los cuales tendr\u00e1s m\u00e1xima flexibilidad para resolver tus necesidades de almacenamiento. Nuestras bodegas van de 1.66 a 16 metros cuadrados, y contamos con un extraordinario servicio: desde la asesor\u00eda del espacio que necesitas, hasta el acompa\u00f1amiento para ofrecer una experiencia moderna, flexible y segura.[\/vc_column_text][\/vc_column_inner][vc_column_inner offset=\u00bbvc_col-md-6&#8243;][vc_custom_heading text=\u00bbAuto Almacenamiento\u00bb font_container=\u00bbtag:h3|text_align:left|color:%23fc7e00&#8243; use_theme_fonts=\u00bbyes\u00bb][vc_column_text css=\u00bb.vc_custom_1636226152316{margin-bottom: 20px !important;}\u00bb]Podr\u00e1s elegir el espacio ideal para tus necesidades. Una vez definido tu espacio, puedes reservar sin costo tu mini-bodega. Te daremos toda la libertad y flexibilidad para inspeccionar el espacio antes de realizar tu contrataci\u00f3n.<\/p>\n<p>Nuestros contratos son mensuales, as\u00ed que puedes cambiar el tama\u00f1o y ubicaci\u00f3n de tu mini-bodega cuando lo necesites.[\/vc_column_text]\t<figure class=\"pic-hover hover-scale\">\n        <span class=\"center-xy\">\n            <a class=\"image-popup\" href=\"https:\/\/guardalochiapas.com\/wp-content\/uploads\/2021\/11\/196.jpg\">\n                <i class=\"fa fa-image btn-action btn-action-hide\"><\/i>\n            <\/a>\n        <\/span>\n        <span class=\"bg-overlay\"><\/span>\n        <img decoding=\"async\" src=\"https:\/\/guardalochiapas.com\/wp-content\/uploads\/2021\/11\/196.jpg\" class=\"img-responsive\" alt=\"\">\n    <\/figure>\n\n[\/vc_column_inner][\/vc_row_inner][\/vc_column][vc_column offset=\u00bbvc_col-md-3&#8243;][vc_wp_custommenu nav_menu=\u00bb24&#8243;][vc_wp_text]<\/p>\n<div class=\"padding30 text-black\">\n<h4>\u00a1Atenci\u00f3n!<\/h4>\n<p>Tenemos los espacios adecuados para almacenar tus productos.<\/p>\n<div class=\"text-center\"><a href=\"https:\/\/guardalochiapas.com\/index.php\/contacto\/\">Cont\u00e1ctanos<\/a><\/div>\n<\/div>\n<p>[\/vc_wp_text][\/vc_column][\/vc_row]<\/p>\n","protected":false},"excerpt":{"rendered":"<p>[vc_row css_animation=\u00bbnone\u00bb][vc_column offset=\u00bbvc_col-md-9&#8243;][vc_row_inner css=\u00bb.vc_custom_1481535311301{padding-bottom: 30px !important;}\u00bb][vc_column_inner el_class=\u00bbbg-box padd30&#8243; offset=\u00bbvc_col-md-6&#8243;][\/vc_column_inner][vc_column_inner el_class=\u00bbbg-box padd30&#8243; offset=\u00bbvc_col-md-6&#8243;][\/vc_column_inner][\/vc_row_inner][vc_row_inner css=\u00bb.vc_custom_1481530056309{padding-top: 30px !important;}\u00bb][vc_column_inner offset=\u00bbvc_col-md-6&#8243;][vc_custom_heading text=\u00bbAlmacenamiento\u00bb font_container=\u00bbtag:h3|text_align:left|color:%23fc7e00&#8243; use_theme_fonts=\u00bbyes\u00bb css=\u00bb.vc_custom_1636228669105{margin-top: 20px !important;}\u00bb][vc_column_text]Son espacios que puedes rentar a trav\u00e9s de contratos mensuales, con los cuales tendr\u00e1s m\u00e1xima flexibilidad para resolver tus necesidades de almacenamiento. Nuestras bodegas van de 1.66 a 16 metros cuadrados, y contamos con [&hellip;]<\/p>\n","protected":false},"author":1,"featured_media":0,"parent":0,"menu_order":0,"comment_status":"closed","ping_status":"closed","template":"page-templates\/template-fullwidth.php","meta":{"footnotes":""},"class_list":["post-309","page","type-page","status-publish","hentry"],"_links":{"self":[{"href":"https:\/\/guardalochiapas.com\/index.php\/wp-json\/wp\/v2\/pages\/309","targetHints":{"allow":["GET"]}}],"collection":[{"href":"https:\/\/guardalochiapas.com\/index.php\/wp-json\/wp\/v2\/pages"}],"about":[{"href":"https:\/\/guardalochiapas.com\/index.php\/wp-json\/wp\/v2\/types\/page"}],"author":[{"embeddable":true,"href":"https:\/\/guardalochiapas.com\/index.php\/wp-json\/wp\/v2\/users\/1"}],"replies":[{"embeddable":true,"href":"https:\/\/guardalochiapas.com\/index.php\/wp-json\/wp\/v2\/comments?post=309"}],"version-history":[{"count":23,"href":"https:\/\/guardalochiapas.com\/index.php\/wp-json\/wp\/v2\/pages\/309\/revisions"}],"predecessor-version":[{"id":1241,"href":"https:\/\/guardalochiapas.com\/index.php\/wp-json\/wp\/v2\/pages\/309\/revisions\/1241"}],"wp:attachment":[{"href":"https:\/\/guardalochiapas.com\/index.php\/wp-json\/wp\/v2\/media?parent=309"}],"curies":[{"name":"wp","href":"https:\/\/api.w.org\/{rel}","templated":true}]}}